ighest common divisor of 9 and 99?
9
Calculate the greatest common factor of 50 and 150.
50
Calculate the highest common divisor of 736 and 92.
92
What is the highest common factor of 152 and 856?
8
Calculate the greatest common divisor of 12450 and 150.
150
Calculate the greatest common divisor of 350 and 105.
35
Calculate the highest common divisor of 244 and 671.
61
Calculate the highest common divisor of 1008 and 924.
84
Calculate the greatest common divisor of 152 and 168.
8
Calculate the greatest common factor of 4851 and 90.
9
What is the highest common factor of 460 and 26?
2
What is the greatest common divisor of 825 and 33?
33
Calculate the highest common factor of 153 and 34.
17
What is the highest common divisor of 170 and 100?
10
What is the greatest common factor of 2555 and 105?
35
What is the greatest common factor of 36 and 909?
9
What is the greatest common divisor of 11 and 583?
11
What is the greatest common divisor of 105 and 45?
15
What is the greatest common factor of 68 and 901?
17
What is the greatest common divisor of 242 and 1034?
22
What is the highest common factor of 1749 and 231?
33
What is the highest common factor of 4242 and 63?
21
Calculate the greatest common factor of 38276 and 28.
28
Calculate the highest common factor of 385 and 20.
5
Calculate the greatest common factor of 437 and 391.
23
What is the highest common factor of 352 and 10736?
176
What is the highest common factor of 507 and 156?
39
What is the greatest common factor of 7852 and 364?
52
What is the greatest common divisor of 218 and 2?
2
Calculate the greatest common factor of 1380 and 161.
23
What is the highest common divisor of 238 and 136?
34
What is the greatest common factor of 7485 and 45?
15
What is the highest common divisor of 123 and 533?
41
Calculate the highest common factor of 32547 and 38.
19
Calculate the greatest common divisor of 53 and 371.
53
What is the greatest common factor of 8 and 100?
4
Calculate the highest common divisor of 41 and 9.
1
Calculate the greatest common divisor of 4042 and 172.
86
What is the highest common divisor of 52 and 4?
4
Calculate the highest common divisor of 7 and 56.
7
Calculate the highest common divisor of 176 and 264.
88
What is the greatest common divisor of 11 and 42?
1
Calculate the highest common factor of 40 and 155.
5
Calculate the highest common divisor of 6 and 366.
6
Calculate the highest common factor of 204 and 132.
12
What is the greatest common factor of 110 and 1210?
110
Calculate the greatest common factor of 150 and 795.
15
Calculate the greatest common divisor of 1088 and 17.
17
Calculate the greatest common divisor of 225 and 600.
75
What is the greatest common factor of 14340 and 180?
60
What is the greatest common divisor of 224 and 1148?
28
Calculate the greatest common divisor of 535 and 963.
107
Calculate the greatest common factor of 12412 and 58.
58
Calculate the highest common divisor of 3363 and 57.
57
Calculate the greatest common factor of 84 and 1302.
42
What is the highest common divisor of 220 and 760?
20
Calculate the highest common factor of 47 and 329.
47
Calculate the highest common divisor of 1188 and 324.
108
What is the highest common divisor of 1189 and 87?
29
What is the greatest common factor of 126 and 819?
63
Calculate the greatest common divisor of 10 and 245.
5
What is the greatest common factor of 294 and 42?
42
Calculate the highest common factor of 432 and 32.
16
Calculate the highest common divisor of 86 and 903.
43
What is the greatest common divisor of 16974 and 41?
41
What is the greatest common factor of 9 and 45?
9
Calculate the greatest common divisor of 37 and 4662.
37
What is the highest common divisor of 15840 and 320?
160
Calculate the highest common factor of 9451 and 104.
13
Calculate the greatest common divisor of 28 and 21.
7
What is the greatest common divisor of 972 and 36?
36
Calculate the greatest common divisor of 323 and 306.
17
Calculate the highest common divisor of 1411 and 34.
17
What is the greatest common factor of 880 and 8030?
110
What is the greatest common factor of 2652 and 4080?
204
Calculate the highest common factor of 665 and 35.
35
Calculate the highest common divisor of 12 and 132.
12
Calculate the highest common divisor of 3087 and 98.
49
What is the greatest common divisor of 12 and 132?
12
Calculate the highest common factor of 759 and 4416.
69
What is the greatest common factor of 39 and 39?
39
Calculate the highest common divisor of 514 and 2.
2
What is the highest common divisor of 138 and 570?
6
Calculate the highest common divisor of 12 and 35040.
12
Calculate the greatest common divisor of 29 and 4553.
29
What is the greatest common factor of 270 and 50?
10
Calculate the highest common factor of 38 and 1444.
38
Calculate the highest common divisor of 266 and 10.
2
What is the greatest common divisor of 58 and 377?
29
Calculate the greatest common divisor of 76 and 29070.
38
Calculate the highest common factor of 32 and 48.
16
What is the highest common factor of 264 and 672?
24
Calculate the highest common factor of 680 and 240.
40
Calculate the greatest common divisor of 152 and 2356.
76
Calculate the highest common factor of 715 and 26.
13
Calculate the highest common divisor of 106 and 848.
106
What is the highest common divisor of 328 and 8?
8
Calculate the highest common factor of 1527 and 3.
3
What is the greatest common divisor of 231 and 385?
77
Calculate the highest common factor of 12 and 14748.
12
Calculate the highest common divisor of 15342 and 6.
6
What is the highest common divisor of 232 and 200?
8
What is the greatest common factor of 35 and 805?
35
What is the highest common factor of 130 and 840?
10
Calculate the greatest common factor of 4902 and 38.
38
Calculate the greatest common divisor of 96 and 372.
12
What is the highest common divisor of 4 and 148?
4
What is the highest common divisor of 32 and 304?
16
Calculate the highest common divisor of 3770 and 130.
130
What is the highest common divisor of 52 and 845?
13
What is the highest common factor of 28 and 770?
14
Calculate the highest common factor of 378 and 175.
7
Calculate the greatest common divisor of 5 and 65.
5
What is the highest common factor of 121 and 55?
11
Calculate the highest common divisor of 109 and 2943.
109
What is the greatest common divisor of 47 and 7661?
47
What is the highest common divisor of 3232 and 64?
32
Calculate the highest common divisor of 261 and 551.
29
What is the highest common factor of 33 and 1199?
11
What is the greatest common factor of 8 and 108?
4
Calculate the greatest common divisor of 21 and 819.
21
What is the highest common divisor of 88 and 220?
44
Calculate the highest common divisor of 396 and 297.
99
What is the greatest common divisor of 1235 and 95?
95
What is the highest common divisor of 9 and 1164?
3
Calculate the highest common divisor of 1575 and 13860.
315
What is the highest common factor of 55 and 33?
11
Calculate the highest common divisor of 76 and 2071.
19
What is the greatest common factor of 2530 and 110?
110
What is the greatest common factor of 2586 and 18?
6
Calculate the highest common divisor of 3286 and 713.
31
Calculate the highest common factor of 18236 and 188.
188
Calculate the highest common factor of 8383 and 1328.
83
What is the highest common factor of 243 and 27?
27
Calculate the highest common divisor of 1786 and 38.
38
Calculate the greatest common factor of 8 and 232.
8
What is the greatest common factor of 1120 and 35?
35
What is the highest common divisor of 56 and 4004?
28
Calculate the greatest common divisor of 39 and 169.
13
Calculate the highest common divisor of 183 and 671.
61
What is the greatest common divisor of 368 and 1196?
92
What is the greatest common factor of 69 and 12949?
23
What is the highest common factor of 1326 and 119?
17
Calculate the greatest common factor of 14287 and 182.
91
Calculate the highest common factor of 1971 and 108.
27
What is the greatest common divisor of 918 and 342?
18
What is the greatest common factor of 904 and 113?
113
Calculate the greatest common divisor of 53433 and 9.
9
Calculate the greatest common divisor of 21 and 203.
7
Calculate the highest common factor of 25 and 40325.
